{"id":451,"date":"2025-01-17T13:29:59","date_gmt":"2025-01-17T13:29:59","guid":{"rendered":"http:\/\/edrae1884.cchs.csic.es\/?page_id=451"},"modified":"2025-01-17T13:51:12","modified_gmt":"2025-01-17T13:51:12","slug":"publicaciones","status":"publish","type":"page","link":"http:\/\/edrae1884.cchs.csic.es\/index.php\/publicaciones\/","title":{"rendered":"Publicaciones"},"content":{"rendered":"<p>[et_pb_section fb_built=&#8221;1&#8243; custom_padding_last_edited=&#8221;on|phone&#8221; admin_label=&#8221;Header&#8221; _builder_version=&#8221;4.21.0&#8243; _module_preset=&#8221;default&#8221; background_color=&#8221;#38413a&#8221; background_image=&#8221;http:\/\/edrae1884.cchs.csic.es\/wp-content\/uploads\/2024\/11\/2_Captura-de-pantalla-2024-11-22-a-las-8.05.50.png&#8221; custom_padding=&#8221;67px||67px||true|false&#8221; custom_padding_tablet=&#8221;80px||80px||true|false&#8221; custom_padding_phone=&#8221;60px||60px||true|false&#8221; saved_tabs=&#8221;all&#8221; global_colors_info=&#8221;{}&#8221;][et_pb_row column_structure=&#8221;3_5,1_5,1_5&#8243; make_equal=&#8221;on&#8221; _builder_version=&#8221;4.21.0&#8243; _module_preset=&#8221;default&#8221; custom_padding=&#8221;0px||||false|false&#8221; global_colors_info=&#8221;{}&#8221;][et_pb_column type=&#8221;3_5&#8243; _builder_version=&#8221;4.16&#8243; _module_preset=&#8221;default&#8221; custom_padding=&#8221;120px||||false|false&#8221; custom_padding_tablet=&#8221;&#8221; custom_padding_phone=&#8221;&#8221; custom_padding_last_edited=&#8221;on|desktop&#8221; global_colors_info=&#8221;{}&#8221;][et_pb_text _builder_version=&#8221;4.21.0&#8243; _module_preset=&#8221;default&#8221; text_font_size=&#8221;16px&#8221; text_line_height=&#8221;2.2em&#8221; header_font=&#8221;Merriweather|300|||||||&#8221; header_font_size=&#8221;74px&#8221; header_line_height=&#8221;1.4em&#8221; header_3_font=&#8221;|700||on|||||&#8221; header_3_font_size=&#8221;14px&#8221; header_3_letter_spacing=&#8221;4px&#8221; header_3_line_height=&#8221;1.4em&#8221; background_layout=&#8221;dark&#8221; hover_enabled=&#8221;0&#8243; text_font_size_tablet=&#8221;14px&#8221; text_font_size_phone=&#8221;&#8221; text_font_size_last_edited=&#8221;on|phone&#8221; header_font_size_tablet=&#8221;54px&#8221; header_font_size_phone=&#8221;34px&#8221; header_font_size_last_edited=&#8221;on|phone&#8221; global_colors_info=&#8221;{}&#8221; sticky_enabled=&#8221;0&#8243;]<\/p>\n<h3>e-<em>DRAE<\/em> 1884<\/h3>\n<h1>Publicaciones<\/h1>\n<p>&nbsp;<\/p>\n<p>[\/et_pb_text][\/et_pb_column][et_pb_column type=&#8221;1_5&#8243; _builder_version=&#8221;4.21.0&#8243; _module_preset=&#8221;default&#8221; background_enable_color=&#8221;off&#8221; background_enable_image=&#8221;off&#8221; custom_padding=&#8221;120px|50px|50px||false|false&#8221; custom_padding_tablet=&#8221;50px||50px||true|false&#8221; custom_padding_phone=&#8221;20px|20px|20px||true|false&#8221; custom_padding_last_edited=&#8221;on|tablet&#8221; global_colors_info=&#8221;{}&#8221;][\/et_pb_column][et_pb_column type=&#8221;1_5&#8243; _builder_version=&#8221;4.21.0&#8243; _module_preset=&#8221;default&#8221; background_enable_color=&#8221;off&#8221; background_enable_image=&#8221;off&#8221; custom_padding=&#8221;120px|50px|50px||false|false&#8221; custom_padding_tablet=&#8221;50px||50px||true|false&#8221; custom_padding_phone=&#8221;20px|20px|20px||true|false&#8221; custom_padding_last_edited=&#8221;on|tablet&#8221; global_colors_info=&#8221;{}&#8221;][\/et_pb_column][\/et_pb_row][\/et_pb_section][et_pb_section fb_built=&#8221;1&#8243; custom_padding_last_edited=&#8221;on|phone&#8221; admin_label=&#8221;Header&#8221; _builder_version=&#8221;4.21.0&#8243; _module_preset=&#8221;default&#8221; background_enable_color=&#8221;off&#8221; background_enable_image=&#8221;off&#8221; custom_padding=&#8221;27px||27px||true|false&#8221; custom_padding_tablet=&#8221;80px||80px||true|false&#8221; custom_padding_phone=&#8221;60px||60px||true|false&#8221; global_colors_info=&#8221;{}&#8221;][et_pb_row _builder_version=&#8221;4.21.0&#8243; _module_preset=&#8221;default&#8221; global_colors_info=&#8221;{}&#8221;][et_pb_column type=&#8221;4_4&#8243; _builder_version=&#8221;4.21.0&#8243; _module_preset=&#8221;default&#8221; global_colors_info=&#8221;{}&#8221;][et_pb_text _builder_version=&#8221;4.21.0&#8243; _module_preset=&#8221;default&#8221; text_font_size=&#8221;16px&#8221; hover_enabled=&#8221;0&#8243; global_colors_info=&#8221;{}&#8221; sticky_enabled=&#8221;0&#8243;]<\/p>\n<div class=\"zw-paragraph\" data-width=\"567.1679999999999\" data-textformat=\"{&quot;size&quot;:13.5}\" doc-id=\"para_08079818534120133\" node-id=\"node_020316949011290797\">\n<div class=\"zw-line-div\" doc-id=\"line_06503760605817006\">\n<h3 style=\"text-align: left;\"><span>Publicaciones cient\u00edfico-t\u00e9cnicas<\/span><\/h3>\n<\/div>\n<\/div>\n<div class=\"zw-paragraph\" data-width=\"567.1679999999999\" data-textformat=\"{&quot;size&quot;:12}\" doc-id=\"para_06439573740137494\" node-id=\"node_016733257579820537\">\n<div class=\"zw-line-div\" doc-id=\"line_06528265781145475\">\n<div class=\"zw-line-content\" style=\"text-align: center;\"><\/div>\n<\/div>\n<\/div>\n<p>[\/et_pb_text][et_pb_text _builder_version=&#8221;4.21.0&#8243; _module_preset=&#8221;default&#8221; text_font_size=&#8221;16px&#8221; hover_enabled=&#8221;0&#8243; global_colors_info=&#8221;{}&#8221; sticky_enabled=&#8221;0&#8243;]<\/p>\n<ul>\n<li><span style=\"color: #999999;\">2024 Hern\u00e1ndez, Esther, <\/span><span style=\"color: #e0ba69;\">\u00abPara la historia de los nombres del \u2018girasol\u2019 (Helianthus annuus)\u00bb. <\/span>Caminos y palabras. Estudios de variaci\u00f3n ling\u00fc\u00edstica dedicados a Pilar Garc\u00eda Mouton. Valencia: Tirant lo Blanch, pp. 393-412. [ISBN: 978-84-1183-159-8].<\/li>\n<\/ul>\n<p>&nbsp;<\/p>\n<ul>\n<li><span style=\"color: #999999;\">2021 Claver\u00eda, Gloria y Esther Hern\u00e1ndez: <\/span><span style=\"color: #e0ba69;\">\u00abAm\u00e9rica y los americanismos en el diccionario (<em>DRAE<\/em> 1869, 1884 y 1899): primera aproximaci\u00f3n\u00bb,<\/span> en M.\u00aa \u00c1ngeles Blanco y Gloria Claver\u00eda (coords.): El diccionario acad\u00e9mico en la segunda mitad del siglo XIX: evoluci\u00f3n y revoluci\u00f3n. <em>DRAE<\/em> 1869, 1884 y 1899. Berlin: Peter Lang, 401-438 [ISBN: 978-3-631-84464-9].<\/li>\n<\/ul>\n<p>[\/et_pb_text][et_pb_divider show_divider=&#8221;off&#8221; _builder_version=&#8221;4.21.0&#8243; _module_preset=&#8221;default&#8221; custom_margin=&#8221;14px||16px||false|false&#8221; global_colors_info=&#8221;{}&#8221;][\/et_pb_divider][et_pb_text _builder_version=&#8221;4.21.0&#8243; _module_preset=&#8221;default&#8221; text_font_size=&#8221;16px&#8221; hover_enabled=&#8221;0&#8243; global_colors_info=&#8221;{}&#8221; sticky_enabled=&#8221;0&#8243; header_3_font_size=&#8221;23px&#8221;]<\/p>\n<h3 style=\"text-align: left;\"><span>Asistencia a congresos, conferencias o workshops relacionados con el proyecto<\/span><\/h3>\n<p>[\/et_pb_text][et_pb_divider show_divider=&#8221;off&#8221; _builder_version=&#8221;4.21.0&#8243; _module_preset=&#8221;default&#8221; custom_margin=&#8221;14px||16px||false|false&#8221; global_colors_info=&#8221;{}&#8221;][\/et_pb_divider][et_pb_text _builder_version=&#8221;4.21.0&#8243; _module_preset=&#8221;default&#8221; text_font_size=&#8221;16px&#8221; custom_margin=&#8221;||49px|||&#8221; hover_enabled=&#8221;0&#8243; global_colors_info=&#8221;{}&#8221; sticky_enabled=&#8221;0&#8243;]<\/p>\n<h3 style=\"text-align: left;\"><span>Tesis doctorales\/ otros trabajos de investigaci\u00f3n<\/span><\/h3>\n<p>[\/et_pb_text][et_pb_divider show_divider=&#8221;off&#8221; _builder_version=&#8221;4.21.0&#8243; _module_preset=&#8221;default&#8221; custom_margin=&#8221;14px||16px||false|false&#8221; global_colors_info=&#8221;{}&#8221;][\/et_pb_divider][et_pb_text _builder_version=&#8221;4.21.0&#8243; _module_preset=&#8221;default&#8221; text_font_size=&#8221;16px&#8221; custom_margin=&#8221;||35px|||&#8221; hover_enabled=&#8221;0&#8243; global_colors_info=&#8221;{}&#8221; sticky_enabled=&#8221;0&#8243;]<\/p>\n<h3 style=\"text-align: left;\"><span>Otras publicaciones<\/span><\/h3>\n<p>[\/et_pb_text][et_pb_text _builder_version=&#8221;4.21.0&#8243; _module_preset=&#8221;default&#8221; text_font_size=&#8221;16px&#8221; hover_enabled=&#8221;0&#8243; global_colors_info=&#8221;{}&#8221; sticky_enabled=&#8221;0&#8243;]<\/p>\n<ul>\n<li><span style=\"color: #999999;\">2024 Molina, Isabel; Esther Hern\u00e1ndez; Pedro Mart\u00edn Butrague\u00f1o; Eva Mendieta (eds.)<\/span><span style=\"color: #999999;\">.<\/span><span style=\"color: #e0ba69;\">Caminos y palabras. <\/span>Estudios de variaci\u00f3n ling\u00fc\u00edstica dedicados a Pilar Garc\u00eda Mouton.Valencia: Tirant lo Blanch. 991 pp. [ISBN: 978-84-1183-159-8].<\/li>\n<\/ul>\n<p>&nbsp;<\/p>\n<ul>\n<li><span style=\"color: #999999;\">2024 Fern\u00e1ndez-Ord\u00f3\u00f1ez, In\u00e9s y Esther Hern\u00e1ndez.<\/span><span style=\"color: #e0ba69;\">\u00abLos archivos ling\u00fc\u00edsticos de Ram\u00f3n Men\u00e9ndez Pidal y del Centro de Estudios Hist\u00f3ricos (1910-1939) en la web: presentaci\u00f3n del proyecto La filolog\u00eda en la Edad de Plata de la cultura espa\u00f1ola\u00bb. <\/span>Actas del XII Congreso Internacional de Historia de la Lengua Espa\u00f1ola : [Le\u00f3n, 16 al 19 de mayo de 2022] \/ Alejandro Junquera Mart\u00ednez, Mar\u00eda Cristina Egido Fern\u00e1ndez, Jos\u00e9 Ram\u00f3n Morala Rodr\u00edguez (eds.). Le\u00f3n: Universidad de Le\u00f3n, Servicio de Publicaciones, 2024. 1 recurso en l\u00ednea (728 p.), pp. 557-566. [ISBN: 978-84-19682-52-9].<\/li>\n<\/ul>\n<p>&nbsp;<\/p>\n<ul>\n<li><span style=\"color: #999999;\">2023 Hern\u00e1ndez, Esther, <\/span><span style=\"color: #e0ba69;\">\u00abEn el centenario de Manuel Alvar\u00bb,<\/span> Revista de Filolog\u00eda Espa\u00f1ola 103, pp. 571-585.<a href=\"https:\/\/doi.org\/10.3989\/rfe.2023.021\"> https:\/\/doi.org\/10.3989\/rfe.2023.021<\/a><\/li>\n<\/ul>\n<p>&nbsp;<\/p>\n<ul>\n<li><span style=\"color: #999999;\">2023 Hern\u00e1ndez, Esther, <\/span><span style=\"color: #e0ba69;\">\u00abIndigenismos en el Vocabulario de la lengua aymara de Ludovico Bertonio (Juli, 1616): primera aproximaci\u00f3n\u00bb, <\/span>PhilologicaCanariensia 29, pp. 23-37. DOI:<a href=\"https:\/\/doi.org\/10.20420\/Phil.Can.2023.587\"> https:\/\/doi.org\/10.20420\/Phil.Can.2023.587<\/a><\/li>\n<\/ul>\n<p>[\/et_pb_text][\/et_pb_column][\/et_pb_row][\/et_pb_section]<\/p>\n","protected":false},"excerpt":{"rendered":"<p>e-DRAE 1884 Publicaciones &nbsp; Publicaciones cient\u00edfico-t\u00e9cnicas 2024 Hern\u00e1ndez, Esther, \u00abPara la historia de los nombres del \u2018girasol\u2019 (Helianthus annuus)\u00bb. Caminos y palabras. Estudios de variaci\u00f3n ling\u00fc\u00edstica dedicados a Pilar Garc\u00eda Mouton. Valencia: Tirant lo Blanch, pp. 393-412. [ISBN: 978-84-1183-159-8]. &nbsp; 2021 Claver\u00eda, Gloria y Esther Hern\u00e1ndez: \u00abAm\u00e9rica y los americanismos en el diccionario (DRAE 1869, [&hellip;]<\/p>\n","protected":false},"author":1,"featured_media":0,"parent":0,"menu_order":0,"comment_status":"closed","ping_status":"closed","template":"","meta":{"_et_pb_use_builder":"on","_et_pb_old_content":"","_et_gb_content_width":"","footnotes":""},"class_list":["post-451","page","type-page","status-publish","hentry"],"_links":{"self":[{"href":"http:\/\/edrae1884.cchs.csic.es\/index.php\/wp-json\/wp\/v2\/pages\/451","targetHints":{"allow":["GET"]}}],"collection":[{"href":"http:\/\/edrae1884.cchs.csic.es\/index.php\/wp-json\/wp\/v2\/pages"}],"about":[{"href":"http:\/\/edrae1884.cchs.csic.es\/index.php\/wp-json\/wp\/v2\/types\/page"}],"author":[{"embeddable":true,"href":"http:\/\/edrae1884.cchs.csic.es\/index.php\/wp-json\/wp\/v2\/users\/1"}],"replies":[{"embeddable":true,"href":"http:\/\/edrae1884.cchs.csic.es\/index.php\/wp-json\/wp\/v2\/comments?post=451"}],"version-history":[{"count":9,"href":"http:\/\/edrae1884.cchs.csic.es\/index.php\/wp-json\/wp\/v2\/pages\/451\/revisions"}],"predecessor-version":[{"id":484,"href":"http:\/\/edrae1884.cchs.csic.es\/index.php\/wp-json\/wp\/v2\/pages\/451\/revisions\/484"}],"wp:attachment":[{"href":"http:\/\/edrae1884.cchs.csic.es\/index.php\/wp-json\/wp\/v2\/media?parent=451"}],"curies":[{"name":"wp","href":"https:\/\/api.w.org\/{rel}","templated":true}]}}